7. Is g(-68) a prime number?
True
Let k(g) = -57*g - 57. Let t(f) be the first derivative of -29*f**2/2 - 29*f + 9. Let a(z) = -2*k(z) + 5*t(z). Is a(-20) prime?
False
Let q = -17 + 21. Is 120345/30 + (-10)/q a prime number?
False
Let h(c) = 111*c + 1184. Is h(133) a composite number?
True
Suppose -355 = -4*u + 225. Let f = 229 - u. Let w = -25 + f. Is w composite?
False
Suppose -11 = -d + t, -12 + 10 = -2*t. Is (14/21)/((-8)/d)*-331 a prime number?
True
Suppose 3*i + 2*d - 66252 = 120497, 14*i = -5*d + 871491. Is i a prime number?
False
Let w = 111565 - 47286. Is w prime?
True
Suppose -121*h = -126*h + 3*s + 658640, 131746 = h + 3*s. Is h a prime number?
True
Suppose 3*b = -5*b + 5784. Let n = b - 401. Suppose -q + n = 83. Is q prime?
True
Suppose -407497 - 2958794 = -101*h + 10076506. Is h a composite number?
False
Suppose 0 = -6*a + 11 + 13. Suppose a*u - 70 = -10*u. Suppose -g - 990 = -u*c, 2*g = -2*c + 174 + 234. Is c prime?
True
Suppose -4*g + 106 = -5*t, -4 - 4 = 4*t. Let h = g - 23. Let w = 22 - h. Is w a prime number?
False
Let d(t) be the first derivative of -t**4/4 + 14*t**3/3 - 6*t**2 - 3*t + 23. Let s be d(13). Suppose -2*h = -120 + s. Is h prime?
False
Is -1 + (-60)/(-50)*93260/6 prime?
False
Let j(o) be the first derivative of -5*o**3/3 + 8*o**2 + 12. Let v be j(3). Suppose k - v*x - 83 = -k, -108 = -3*k - x. Is k prime?
True
Let r(x) = 4*x + 23. Let u be r(-7). Let y = u - -12. Suppose -3*q + 239 = -l, 227 = 3*q + y*l - 2*l. Is q composite?
False
Suppose -3*i = -i + 2*u + 518, -2*i + 3*u = 518. Let d = i + 1393. Let p = d - 256. Is p composite?
True
Suppose 10 = 4*c + q, -4*c - 1 = 5*q - 3. Is 12/(0 - -6) + c*1503 prime?
False
Suppose 0 = 9*n - 7*n - 25365 - 43441. Is n a prime number?
True
Let x = -1 + -2. Let a(y) be the third derivative of -19*y**6/40 - 2*y**3/3 - 40*y**2 - 6*y. Is a(x) a composite number?
True
Let u = -545 + -1046. Let v be 4/6 + (-170)/(-15). Is v/(-3) - (-2 + u) a prime number?
False
Is (8212639/(-94))/(3/(-6)) prime?
True
Suppose 0 = -4*b + 2*b. Let o(h) = h**3 + 13*h**2 - 14*h + 118. Let l be o(-16). Is l/(-4 - -2) + b a prime number?
False
Let m = 243478 + -144611. Is m a composite number?
False
Suppose -48*a = -18034 - 115742. Is a a prime number?
False
Let m be 3*(-8248)/(-2 - 2). Let k = 8785 - m. Is k composite?
True
Suppose 5*t = -0*t + 5, g + 191 = -2*t. Is (-3)/(-6)*-1*(5 + g) a prime number?
False
Let i(d) = -882*d**3 + 5*d**2 + 4*d. Let h = 45 - 33. Suppose 3*g - h = 5*v + 10, -5*g + 2*v = -5. Is i(g) a composite number?
False
Let b(a) = -193494*a**3 + 6*a**2 + 11*a + 4. Is b(-1) composite?
False
Let i(p) = -10409*p - 1084. Is i(-13) prime?
False
Suppose -836 + 6336 = l - 4*d, -5*d = 5*l - 27500. Let x = 10937 - l. Is x prime?
True
Let u = 815 - 1497. Suppose -9*v + 5*v = -8820. Let y = v + u. Is y composite?
False
Is (((-27003630)/21)/5)/((-32)/112) composite?
False
Suppose i - 8742 = 5*b + 5377, -9*i = 2*b - 127024. Is i prime?
False
Let y be 12/(-126) + (-11258120)/(-210). Suppose 17*c + y = 23*c. Is c composite?
True
Let b be -1 - (-1 - -10 - 0) - 3. Is (-45566)/b + 22/(-286) composite?
True
Let s(h) = -3*h + 77. Let x be s(6). Let i = x + -57. Suppose -f + 477 = i*f. Is f a prime number?
False
Is ((-1812326560)/528)/(4/(-6)) a composite number?
True
Let t(x) be the second derivative of -47*x**5/30 - x**4/12 + 7*x**3/6 + 2*x. Let q(c) be the second derivative of t(c). Is q(-3) composite?
True
Let k(q) = -q**3 - q**2 - 2*q - 2. Let m be k(3). Let x be 14/42 - m/(-6). Is (434/8)/x*-4 a composite number?
False
Let p = 4667596 - 3237507. Is p a composite number?
False
Suppose 546216 + 501593 = 7*z - 269934. Is z prime?
True
Let t be (-140)/(-6)*((-5)/10 - -2). Suppose 5*c - t = 2*n - 1, 0 = -2*c - 3*n + 6. Is ((-4)/c)/(26/(-62283)) a composite number?
False
Let s(y) = 1539*y - 284. Suppose 5*u - f - 179 = 0, 5*f + 81 + 114 = 5*u. Is s(u) a composite number?
True
Let o be -2 + (-4785)/9*-3. Suppose 4*f + h - 1196 = 0, -o + 98 = -5*f - 5*h. Is f composite?
True
Let m(t) = 7447*t**2 - 177*t - 701. Is m(-4) a composite number?
False
Suppose 50*w - 13*w - 5554692 + 669989 = 0. Is w prime?
True
Is (-10097504)/64*(-5)/((-25)/(-10)) composite?
False
Let v(u) = 60*u + 68. Suppose -3*g = -3*s + 24, 4*g + 2*s + 4 - 2 = 0. Let p(w) = -58*w - 69. Let r(k) = g*p(k) - 2*v(k). Is r(12) prime?
True
Suppose -2*n + 8*n = 0. Let z(k) = -k + 2401 + 695 - 517 - 2*k. Is z(n) a composite number?
False
Suppose 0 = -m - 4 + 5. Suppose 4*a + 22 = 2*o - 4*o, o = a + m. Is (o + 7/2)/((-1)/(-1042)) a prime number?
True
Let u = -55279 + 311186. Is u prime?
True
Let g(m) = -4779*m + 4900*m + 43*m**2 - 7 - 4. Is g(-13) a prime number?
True
Let i = 110590 + -37073. Is i a composite number?
False
Let i be 1272 + ((-76)/14 - 124/217). Let b = i - -8411. Is b composite?
False
Let r(t) = -134*t**3 + 11*t**2 + 27*t + 7. Is r(-4) prime?
False
Is (-8)/1 + -10 + 700805/5 a prime number?
True
Is -1371716*(7 - (-29)/2*(-2)/4) a composite number?
False
Let l(a) = -39*a + 65. Let q be l(-10). Let x = 3366 + q. Is x prime?
True
Let y(n) = -4*n + 82. Let g be y(16). Suppose -c = -3*h - 2717, 5*c + 19*h = g*h + 13649. Is c a prime number?
True
Let m(r) be the third derivative of 19*r**5/20 + r**4/4 - r**3/3 - 6*r**2 + 2. Is m(7) composite?
False
Suppose 58*p + 8 = 54*p. Let u be ((-154)/4)/(p/116). Suppose 4*x + 3*x - u = 0. Is x a prime number?
False
Let i = -8822 + 27876. Suppose i = 2*q + 12*q. Is q a composite number?
False
Let a(m) = 613*m**3 + 2*m**2 - 2*m + 1. Suppose -4*u - 3 + 11 = 0. Is a(u) a prime number?
True
Is 2035581/18 + 455/(-42) + 12 a prime number?
True
Suppose -13618 = -l - 2962. Suppose -20*y + 17*y + l = 0. Suppose 4*d + 4*k - y = 0, 4*d + 3*k = 5*d - 884. Is d prime?
True
Let w be 2172/(-3) + (1 - 1). Suppose 39132 = -59*a - 30193. Let n = w - a. Is n prime?
False
Is 33188560/464 - (-1 - (-31)/29) composite?
False
Suppose -15*n = -19*n + 19400. Suppose n = -2*i + 4*i. Suppose b - 5*t = 6*b - i, 4*t = -8. Is b a composite number?
False
Let d = 24909 + -65055. Let m = 60395 + d. Is m a composite number?
False
Let c be 4/((-24)/(-27))*24/(-9). Let t be 2/c - (2989/(-6) + 4). Suppose 5*i + 807 = 4*w - t, w = -4*i + 299. Is w a composite number?
True
Let g(i) = 2335*i**2 + 3606*i**2 + 4*i - 90 + 88 - 1762*i**2. Is g(1) a composite number?
True
Let h be 1 + (0/(-2))/(-2). Let g(a) = a**2 + 11*a - 2 + 5*a**2 - h. Is g(10) composite?
True
Let o be 4*-1 + 18716 + -5. Suppose -8*z + o = 5*z. Is z a composite number?
False
Let v(l) = -18*l - 11. Let i be v(-1). Suppose -2*j - 3405 = -i*j. Is j a prime number?
False
Suppose s - 9 = -2*k, -5*s + 77 + 12 = -k. Suppose 13665 = s*q - 14*q. Is q composite?
True
Suppose 21*u - 1315794 - 848533 - 1068224 = 0. Is u a prime number?
False
Let i(k) = 104*k + 20. Let g(v) = -104*v - 19. Let m = -76 + 79. Let c(l) = m*g(l) + 4*i(l). Is c(15) a prime number?
True
Is (-48122)/(-4)*42/63*15 a prime number?
False
Let q(k) be the third derivative of k**5/12 + k**4/6 + 95*k**3/6 - 107*k**2. Is q(28) a composite number?
False
Suppose -14700 = -0*y + 10*y. Let f = 457 - y. Is f a prime number?
False
Suppose 2*p = -4*r - 128, 5*r + 60 = 3*r - 3*p. Let w be (r/9)/((-1)/(-3)). Is (-2)/w - (-11169)/99 prime?
True
Suppose 112*y = 107*y + 1536905. Is y prime?
True
Let j be (1*-4)/(68/(-119)). Suppose -7*b + 17206 = j*b. Is b prime?
True
Let h be (-6)/27 + 151/(-9). Let g(n) be the third derivative of n**5/12 + 19*n**4/24 - 20*n**3/3 - n**2 - 574. Is g(h) prime?
False
Let m(j) = 10*j**3 - 40*j**2 + 9 - 2*j + 90*j**2 - 46*j**2. Let k be (-18)/6*(-10)/6. Is m(k) prime?
False
Suppose -64967 = -k - 2*m, -4*m + 11952 = 5*k - 312889. Is k prime?
True
Let x(d) = 5*d**2 + 8*d + 26. Suppose -o + 16 = 3*z - 2*o, 3*z = 5*o + 32. Suppose -z*n + 43 = -1. Is x(n) a composite number?
False
Suppose 10*j - 5*j = 3*k - 18391, -4*k + 8 = 0. Let t = 5328 + j. Is t composite?
True
Let p(h) = 18*h**2 - 20*h - 23. Let a be p(12). Suppose 239*y = 240*y - a. Is y a prime number?
False
Suppose -4*z + p - 2*p - 55440 = 0, -2*z - 2*p - 27714 = 0. Let q = 20244 + z. Is q a prime number?
False
Is 6*(2927720/72 - 11) + (-1)/(-3) a prime number?
True
Suppose 9*o - 4*o = 2535. Suppose g + 4339 = 4*j, -2*j - j + 3278 = 4*g. Let h = j -